- 9. Suppose s = -b + 13, -b - 5*s + 16 + 17 = t. Is b/28 + 318/14 prime?
True
Let v(d) = 211*d**2 - d - 159. Is v(11) composite?
True
Let i be 7 + -4 + (3 - 3). Suppose -x + 272 - 29 = 0. Suppose -x = -3*l + i. Is l prime?
False
Suppose -4*p = 2*o + 1926, 0 = p - 2*p - 5*o - 504. Let h = -259 - p. Suppose 0*t + h = 4*t. Is t a prime number?
False
Let f be 2/(-4) - (-5)/2. Suppose -216 + 174 = -14*z. Is z + (37 - (f - -1)) prime?
True
Let u(z) = -3*z - 21. Let k be u(-7). Suppose 3*x + y - 965 = 0, 5*y - 6 - 4 = k. Suppose -5*j + 124 = -x. Is j composite?
False
Suppose -7*d + 4*d = -6. Suppose -10*n = -8*n. Suppose n*v + 2419 = 3*m - d*v, 3252 = 4*m + 4*v. Is m a composite number?
False
Suppose 46*d = -3*d + 552769. Is d prime?
False
Let v(u) be the second derivative of 2*u**3/3 + u**2 - 6*u. Let d be v(4). Let k = 83 - d. Is k composite?
True
Suppose -10*d + 14*d = 2096. Suppose 2707 = 3*x - d. Is x a prime number?
False
Let w(b) be the first derivative of 14*b**3 - 5*b**2/2 - 3*b + 4. Let y be w(-5). Let x = y - 755. Is x a prime number?
True
Suppose 0*u - 2*u + 2*f = -334, 3*f + 839 = 5*u. Is u a composite number?
True
Let r(t) be the first derivative of 3*t**3 + 5*t**2/2 - 3*t - 159. Suppose 3*d - 8*d - 4*n = -2, 5*n = 2*d - 14. Is r(d) a composite number?
False
Let w = -10131 + 20818. Is w composite?
False
Let v(q) = -3*q**3 - 4*q**2 + 1 - 5*q + q**2 + 0 + 0*q**3. Let s be v(6). Let m = s + 1166. Is m prime?
False
Let v(d) be the first derivative of -d**2/2 + 6*d - 7. Let j be v(-12). Suppose 5*h + 3*l - 5147 = 0, 0 = -5*l + j + 2. Is h a prime number?
False
Suppose 4*x - 5 = -3*o, 3*x = 2*o - 0*x - 26. Suppose -4*s + 83 = o. Is s a prime number?
True
Suppose f - 3*p + 337 = 0, -2*f - 4*p - 674 = -2*p. Let g = 372 - f. Is g composite?
False
Suppose 0 = 4*r + v + 56, 0 = 3*v - 12. Is (r/(-6))/((7/(-1478))/(-7)) composite?
True
Let b = 14958 - 4925. Is b a composite number?
True
Suppose -l + 2*l + 9 = w, -3*l + 21 = 5*w. Let y = w + 41. Is y a prime number?
True
Suppose 0 = 11*y - 9*y. Suppose -k - 2*x = -7*x - 194, 2*k + x - 399 = y. Is k composite?
False
Let r be (-6 - -1 - 1)/(-1). Let d(p) = p**3 - 8*p**2 + 4*p + 4. Let a be d(9). Suppose r*k - a = k - 4*b, -85 = -5*k + 5*b. Is k a composite number?
True
Suppose -r = -3*j - 8, 2*r = -2*j - 7 - 1. Let n(z) = -8138*z + 9. Is n(r) prime?
True
Let q be (2/(-3))/(6/27). Let v(m) = -21*m**2 + 12*m - 7. Let w(y) = -7*y**2 + 4*y - 2. Let h(t) = q*v(t) + 8*w(t). Is h(-4) composite?
True
Suppose 6 = -3*p, 5*p = -3*z + p - 14. Let s be z/9 - (-3926)/9. Suppose 7*n - s = 3*n. Is n composite?
False
Let u be 3/(9/(-12))*52. Let r(d) = -36*d + 13. Let b be r(4). Let g = b - u. Is g a prime number?
False
Let y = -193 - 70. Is y*(3/(-3))/1 prime?
True
Let o = 3672 - -2443. Is o a composite number?
True
Suppose -20 = -4*h, 4*d - 2*h + 87 = 1917. Let s be 0/(1 - 2/(-2)). Suppose s = 5*b - b - d. Is b prime?
False
Suppose 0 = -18*s + 17*s - 8. Let w = 197 + -130. Let b = w + s. Is b a composite number?
False
Suppose 0 = -2*t + 2844 - 218. Is t a composite number?
True
Let w = 4488 - -14911. Is w composite?
True
Let s be (-11 + 0 - 0) + 1. Let u(j) = -3*j**3 - 11*j**2 + 6*j - 23. Is u(s) composite?
True
Suppose 15*s = 16*s. Suppose 7*h - 111 - 71 = s. Is h a prime number?
False
Let k = -531 + 2188. Is k prime?
True
Let n(x) = 2*x**3 - 15*x**2 + 29*x - 3. Is n(17) a composite number?
False
Suppose -4 = p, 8 = 3*t - p - 2. Let u(a) = -90*a + 3. Let k(l) = -449*l + 15. Let y(z) = t*k(z) - 11*u(z). Is y(4) a prime number?
False
Suppose 2*d - 39 = -d. Suppose -d*z + 69 = -10*z. Is z a prime number?
True
Suppose v + 7 = j, -v - 2*v - 15 = 0. Suppose 1896 + 778 = j*r. Is r a prime number?
False
Suppose -5*f - 2*h + 54 = 0, -4*f + 2*h + 17 = -37. Suppose -5*a - 490 = 2*l - 0*a, 3*a = -f. Let d = -122 - l. Is d a prime number?
True
Suppose 4*b = -5*o - 35, 5 = -5*o + 2*b - 0*b. Is 0 - (1 - 2)*(524 + o) a composite number?
False
Let p = 16133 - -15714. Is p a composite number?
False
Let g be (-4 - -1)*2327/(-3). Suppose 2*y - g = 555. Is y a composite number?
True
Suppose 0*d - 3*d + 6 = 0. Suppose 0 = 4*f + 3*w + 1701, 3*f = d*w + 3*w - 1312. Let i = 908 + f. Is i a composite number?
False
Let x(n) = -n**3 + 3 + 13*n**2 - n**2 + 8 - 13*n + 5*n**2. Is x(14) composite?
True
Let p = 46 - 42. Suppose -5*z + 2*b - p*b = -391, -5*z + 4*b = -373. Is z prime?
False
Suppose 3726*t - 3738*t + 161292 = 0. Is t prime?
True
Suppose 3*z + 3*c + 2 - 11 = 0, 3 = -z + 5*c. Suppose x = 5*y + 1296, -y = -2*x - z*y + 2559. Is 5/(-30) + x/18 a composite number?
False
Is (11/(165/10))/((-8)/(-115788)) prime?
True
Let s(v) = -v - 14. Let i be s(-11). Is 96 + i/6*2 a prime number?
False
Suppose 31*c + 22*c = 376883. Is c composite?
True
Suppose 7*s + 1 = 8*s. Let i be 3 - s/((-3)/1974). Let f = 1110 - i. Is f prime?
True
Suppose 20 = 5*x - 2*b, -3*x - b = 2*b + 9. Suppose x*j - 146 = 12. Is j a prime number?
True
Let m(z) = 805*z**3 + 9*z**2 - 4*z - 1. Is m(2) a composite number?
True
Is (-10502)/(-5) + -2 + 27/45 a prime number?
True
Suppose -2*h - 48 = -6*h. Suppose 21 = 3*s - h. Suppose s*x - 14 = 10*x. Is x composite?
True
Let j be (3 - 4) + -1 + -9. Let x(z) = -17*z + 4. Is x(j) a prime number?
True
Suppose 1980 = -6*t + t. Suppose 5*f - u = -578 + 3616, 3*u = -2*f + 1205. Let s = f + t. Is s prime?
True
Let f = -18 - -20. Let n be 1*(f + -796)/(-1). Suppose 3*p = n + 1261. Is p composite?
True
Suppose -n + 3*q = -773, -n + 278 = -q - 503. Is n composite?
True
Suppose -22*b - 120 = -23*b. Let s(j) = -46*j - 7. Let y be s(-9). Let r = y + b. Is r a composite number?
True
Is 59/(-236) - 4317/(-4) a composite number?
True
Suppose 1770 = 2*s - f, s = 3*s - 3*f - 1762. Is s composite?
False
Suppose 14*f + 29481 = 18*f + r, -2*f = 3*r - 14753. Is f composite?
False
Suppose -4*g - 3*j = -7135, 0 = 2*g - 4*j + 7*j - 3569. Is g a prime number?
True
Suppose 0*t + 3*t = -15, 4*v - t - 9 = 0. Suppose -3 = -2*f - v. Is f/(2006/(-502) - -4) prime?
True
Let k(l) = 25*l - 42*l - 7 - 14*l - 36*l. Is k(-2) a prime number?
True
Let j be -1*5*2/(-2). Suppose -9 = j*f + 1. Is 1/f - (-258)/12 composite?
True
Let z = 73 - 73. Suppose 3*n + 2226 = 3*g, -4*g - 4*n + 2928 = -z*n. Is g a prime number?
False
Let z be (-3 - 25/(-15))/((-2)/6). Suppose -4*l - 3*d + 4367 = l, -d = -z. Is l prime?
False
Suppose -7*s = -6*s - 24. Is 3/s + -2 + 967/8 composite?
True
Let i be ((-1602)/(-90))/((-1)/(-5)). Suppose -5*d + 25 = 0, -2*n + i = -5*d - 242. Is n prime?
False
Let i(g) be the third derivative of -g**6/120 - g**5/60 + g**3/3 + 4*g**2. Let q be i(0). Suppose -q*m + 596 = 2*m. Is m composite?
False
Let l(o) = -o**3 - 18*o**2 + 179*o - 87. Is l(-34) prime?
True
Let b = -16 + 25. Let a = 7 - b. Is (3/6)/(a/(-52)) a composite number?
False
Let j = -17 - -1. Let r = -13 - j. Suppose -n - r*n = -664. Is n a composite number?
True
Let p(r) = -63*r + 3. Let s be p(-2). Let q = 260 - s. Is q a prime number?
True
Let o = -1058 + 4857. Is o prime?
False
Let h = 8656 + -4437. Is h a composite number?
False
Let o(k) = -666*k + 65. Is o(-31) composite?
True
Suppose -3*q + 4*h - 610 = 0, 4*h + 986 = -5*q + 3*h. Let v = 1585 - q. Is v a composite number?
False
Suppose -6129 = -8*b + 5*b + 3*i, -b + 2039 = -2*i. Is b composite?
True
Is (14524/(-6))/((-2)/3) a composite number?
False
Is 4 + -5 + 5154 + -6 a prime number?
True
Is 19791/12 + (-37)/148 a prime number?
False
Suppose -28*b = -21*b - 126287. Is b composite?
False
Let i(y) = y - 8. Suppose 9 = -3*b - 45. Let c be (-110)/(-9) + 4/b. Is i(c) prime?
False
Suppose -6985 = 4*p + 6095. Let n = p - -4831. Is n composite?
True
Suppose -3*b + 48840 = -k, -4*b + k + 8513 = -56606. Is b a prime number?
False
Suppose 0 = -5*d - 5*i + 30, 3*d - 7*i = -3*i - 10. Suppose -d*p + 3*u + 1899 + 1172 = 0, 4649 = 3*p + 4*u. Is p a prime number?
True
Let b(k) = 2*k + 70. Let l be b(0). Let j = -17 + l. Is j composite?
False
Let k = 12 - 19. Let w(x) be the first derivative of x**4/4 + 11*x**3/3 + 7*x + 3. Is w(k) prime?
False
Let k(c) = -c**3 - 13*c**2 - 20*c + 6. Let i be k(-11). Let l = 73 - i. Is l prime?
True
Suppose -2*c - 2*c + 92 = 4*j, 5*c - 108 = 2*j. Suppose 7*h = c*h - 330. Is h a prime number?
False
Let m be (1 + (8470/8)/(-7)